e 4) to base 11
0
Convert 5 (base 9) to base 12.
5
-b5 (base 13) to base 3
-12111
2223 (base 4) to base 8
253
Convert 2 (base 7) to base 14.
2
Convert 45 (base 13) to base 6.
133
What is -16 (base 10) in base 9?
-17
4 (base 9) to base 8
4
Convert -1 (base 3) to base 10.
-1
0 (base 3) to base 16
0
-23 (base 4) to base 11
-10
What is -3 (base 4) in base 11?
-3
What is 1 (base 15) in base 14?
1
What is 4 (base 10) in base 11?
4
Convert -3 (base 11) to base 8.
-3
2 (base 14) to base 12
2
Convert 410 (base 6) to base 4.
2112
-189 (base 12) to base 6
-1053
What is 6 (base 15) in base 14?
6
What is -27 (base 10) in base 9?
-30
1a7 (base 11) to base 9
284
What is 11 (base 15) in base 10?
16
-5 (base 10) to base 14
-5
Convert -21 (base 5) to base 3.
-102
-3 (base 11) to base 7
-3
Convert -10 (base 7) to base 8.
-7
Convert 20 (base 8) to base 10.
16
Convert 5 (base 14) to base 9.
5
What is 5a (base 14) in base 10?
80
What is b4 (base 12) in base 7?
253
Convert -1030 (base 4) to base 8.
-114
What is 132 (base 7) in base 10?
72
Convert 2 (base 13) to base 12.
2
What is 1 (base 10) in base 16?
1
-3 (base 11) to base 16
-3
What is 3 (base 8) in base 14?
3
20 (base 10) to base 6
32
Convert 0 (base 4) to base 12.
0
What is 3 (base 9) in base 8?
3
-32 (base 4) to base 9
-15
-8 (base 10) to base 15
-8
-75 (base 9) to base 5
-233
Convert -6 (base 9) to base 2.
-110
Convert 0 (base 2) to base 16.
0
Convert 2 (base 12) to base 11.
2
What is -1110 (base 2) in base 9?
-15
Convert 0 (base 8) to base 5.
0
Convert -215 (base 10) to base 6.
-555
What is -b (base 14) in base 6?
-15
What is 200 (base 4) in base 12?
28
Convert -230 (base 4) to base 5.
-134
What is -98 (base 11) in base 9?
-128
What is 36 (base 7) in base 5?
102
2 (base 13) to base 8
2
What is 5 (base 15) in base 6?
5
What is -b (base 13) in base 11?
-10
-3 (base 11) to base 10
-3
-25 (base 8) to base 10
-21
Convert -8 (base 16) to base 4.
-20
1201 (base 3) to base 5
141
What is -33 (base 10) in base 4?
-201
Convert 9 (base 10) to base 7.
12
What is 14 (base 7) in base 13?
b
What is -4 (base 10) in base 5?
-4
-1 (base 15) to base 14
-1
Convert -131 (base 4) to base 5.
-104
4 (base 16) to base 7
4
54 (base 8) to base 5
134
Convert 283 (base 9) to base 14.
12d
Convert 121 (base 9) to base 5.
400
-3 (base 12) to base 11
-3
Convert 0 (base 15) to base 16.
0
Convert -45 (base 12) to base 14.
-3b
-3 (base 14) to base 15
-3
What is 17 (base 12) in base 5?
34
What is a1 (base 13) in base 4?
2003
1 (base 9) to base 2
1
92 (base 12) to base 5
420
Convert -39 (base 16) to base 8.
-71
Convert -10 (base 3) to base 8.
-3
-11 (base 4) to base 3
-12
Convert 3 (base 6) to base 7.
3
What is -12 (base 6) in base 4?
-20
Convert -3 (base 14) to base 9.
-3
Convert -3 (base 12) to base 10.
-3
What is -11 (base 6) in base 14?
-7
What is 24 (base 9) in base 12?
1a
Convert 61 (base 15) to base 6.
231
-13 (base 4) to base 11
-7
110 (base 6) to base 3
1120
3 (base 12) to base 16
3
18 (base 14) to base 11
20
Convert 71 (base 12) to base 11.
78
What is 169 (base 14) in base 6?
1201
Convert 10 (base 6) to base 5.
11
What is 3 (base 10) in base 14?
3
4 (base 12) to base 4
10
Convert 1101 (base 2) to base 14.
d
Convert 4 (base 12) to base 4.
10
Convert 2 (base 14) to base 3.
2
1 (base 3) to base 8
1
2 (base 3) to base 7
2
What is 52 (base 10) in base 16?
34
Convert -2 (base 13) to base 6.
-2
Convert 125 (base 6) to base 12.
45
Convert 10 (base 3) to base 2.
11
Convert -29 (base 10) to base 13.
-23
Convert 10010 (base 2) to base 11.
17
Convert -1c (base 14) to base 15.
-1b
What is 212 (base 8) in base 3?
12010
0 (base 12) to base 16
0
What is 112 (base 7) in base 6?
134
Convert 14 (base 13) to base 15.
12
What is 2 (base 7) in base 3?
2
1 (base 14) to base 11
1
What is 107 (base 8) in base 7?
131
Convert -20 (base 4) to base 14.
-8
14 (base 12) to base 16
10
What is 119 (base 10) in base 13?
92
Convert -195 (base 12) to base 15.
-122
1 (base 9) to base 4
1
-203 (base 4) to base 9
-38
What is 10 (base 2) in base 8?
2
Convert 6 (base 12) to base 5.
11
What is -12 (base 3) in base 4?
-11
What is 13 (base 5) in base 14?
8
-10 (base 7) to base 9
-7
What is 33 (base 14) in base 12?
39
-235 (base 8) to base 14
-b3
-53 (base 11) to base 6
-134
29 (base 14) to base 12
31
Convert -2 (base 3) to base 2.
-10
Convert 3 (base 11) to base 6.
3
What is 3 (base 12) in base 13?
3
20 (base 12) to base 10
24
Convert -1b (base 16) to base 15.
-1c
-51 (base 8) to base 5
-131
What is 0 (base 15) in base 10?
0
Convert -4 (base 5) to base 12.
-4
148 (base 12) to base 13
125
Convert -10100 (base 2) to base 8.
-24
What is -521 (base 7) in base 2?
-100000100
-4 (base 5) to base 10
-4
Convert -a6 (base 15) to base 5.
-1111
Convert 10 (base 2) to base 13.
2
2 (base 15) to base 14
2
-7 (base 8) to base 13
-7
Convert -6 (base 16) to base 4.
-12
-12 (base 11) to base 8
-15
Convert 76 (base 8) to base 15.
42
What is 18 (base 16) in base 2?
11000
-10 (base 7) to base 11
-7
Convert 13 (base 14) to base 4.
101
Convert 11010 (base 2) to base 13.
20
-2 (base 6) to base 2
-10
Convert 1111 (base 3) to base 2.
101000
22 (base 4) to base 6
14
What is 6 (base 7) in base 8?
6
What is 115 (base 8) in base 2?
1001101
What is 0 (base 11) in base 5?
0
Convert -22 (base 7) to base 4.
-100
What is 6 (base 7) in base 13?
6
2 (base 12) to base 9
2
What is 512 (base 6) in base 2?
10111100
Convert 19 (base 15) to base 2.
11000
14 (base 6) to base 10
10
Convert 10 (base 7) to base 5.
12
What is 5 (base 13) in base 15?
5
-1 (base 2) to base 5
-1
Convert -100 (base 3) to base 7.
-12
11 (base 10) to base 13
b
What is 117 (base 11) in base 16?
8b
Convert 18 (base 10) to base 3.
200
Convert 1013 (base 4) to base 14.
51
Convert 110 (base 6) to base 3.
1120
Convert 125 (base 7) to base 10.
68
What is -c (base 14) in base 15?
-c
-7 (base 15) to base 2
-111
What is -1a (base 16) in base 14?
-1c
What is 4 (base 11) in base 9?
4
236 (base 10) to base 3
22202
Convert 62 (base 12) to base 8.
112
What is -10 (base 11) in base 2?
-1011
What is -32 (base 9) in base 10?
-29
What is 48 (base 10) in base 8?
60
What is 1010010 (base 2) in base 3?
10001
Convert 2 (base 16) to base 12.
2
-11011 (base 2) to base 13
-21
1010 (base 2) to base 13
a
What is -b3 (base 14) in base 15?
-a7
Convert -100001 (base 2) to base 6.
-53
-24 (base 14) to base 7
-44
Convert 132 (base 8) to base 9.
110
Convert 4 (base 16) to base 8.
4
Convert 1 (base 16) to base 13.
1
Convert -8 (base 9) to base 15.
-8
What is 133 (base 4) in base 5?
111
-14b (base 12) to base 10
-203
-4 (base 10) to base 6
-4
What is 12b (base 16) in base 15?
14e
0 (base 3) to base 14
0
-3 (base 10) to base 6
-3
What is b (base 15) in base 9?
12
What is -2 (base 13) in base 15?
-2
What is -25 (base 13) in base 14?
-23
Convert 2 (base 4) to base 12.
2
What is 18 (base 12) in base 3?
202
What is -13 (base 16) in base 4?
-103
What is -6 (base 12) in base 2?
-110
What is 13 (base 8) in base 14?
b
11021 (base 3) to base 10
115
Convert 0 (base 10) to base 6.
0
What is -30 (base 14) in base 3?
-1120
Convert -108 (base 15) to base 7.
-452
What is 0 (base 13) in base 6?
0
-4 (base 11) to base 6
-4
13 (base 9) to base 13
c
What is -1101 (base 2) in base 16?
-d
122 (base 3) to base 6
25
1 (base 15) to base 4
1
5 (base 11) to base 13
5
-3 (base 5) to base 6
-3
What is -23 (base 13) in base 11?
-27
Convert -232 (base 5) to base 8.
-103
What is -111 (base 2) in base 5?
-12
What is -23 (base 7) in base 2?
-10001
What is 0 (base 16) in base 14?
0
1 (base 14) to base 7
1
Convert -10001 (base 2) to base 16.
-11
What is -1123 (base 4) in base 15?
-61
3 (base 15) to base 16
3
Convert -3 (base 7) to base 15.
-3
4 (base 10) to base 15
4
What is 18 (base 16) in base 10?
24
Convert 10 (base 9) to base 5.
14
What is 28 (base 9) in base 5?
101
Convert -645 (base 8) to base 14.
-221
-3 (base 15) to base 9
-3
Convert -4 (base 13) to base 10.
-4
What is -20122 (base 3) in base 8?
-263
-11 (base 3) to base 13
-4
90 (base 11) to base 6
243
What is -2 (base 6) in base 5?
-2
What is -11a (base 13) in base 6?
-520
c (base 15) to base 14
c
51 (base 14) to base 6
155
Convert 3 (base 8) to base 13.
3
Convert -74 (base 16) to base 11.
-a6
Convert a (base 14) to base 9.
11
55 (base 10) to base 12
47
C